- (98 + -97))
-77
Calculate (8 - 12) + 0 + 5 + (-20 - -25) + 39.
45
Evaluate -3 - (52 - 0) - (-18 + (5 - 8 - -31)).
-65
Calculate 12 + (5 + 3 - -3) + -105 + 94 + -94.
-82
Calculate -1 + 6 - (8 + -4 + 1 - 41).
41
What is -11 + 1 + 0 - (31 + -50)?
9
Calculate 13 - (-10 - -31) - (15 + -14).
-9
What is 2 - (3 + (-10 - 0) - (6 - 10))?
5
2898 - 2940 - (19 + 0)
-61
What is -4 + 12 + -3 + -8 - -9?
6
What is the value of 12 + (-9 - 2) + (8 - 7) + 12?
14
Evaluate 415 - 371 - (4 - -60).
-20
2 + 97 + -386 + 344 - (-2 + (0 - 2))
61
(-1 - -10) + (-4 - (-27 + 35)) - -6
3
What is the value of (10 - 19) + -20 + 11?
-18
What is the value of 6 + 2500 + -2505 + (2 - (-2 + -1)) + -1?
5
What is the value of (145 + -345 - -39 - (-7 - -1)) + 5?
-150
Evaluate -21 + (24 - -11) - (11 - (3 - 6)).
0
Calculate (19 + -7 - 1) + 4 + (38 - (77 + 47)).
-71
What is the value of 1 - (17 - (-50 - -25))?
-41
Calculate 81 + -40 + -1 + 0 + 43 + -35.
48
What is the value of -2 + 5 + 26 + -27 + -7 + -1?
-6
Calculate 32 + -17 - (-431 - -462).
-16
What is -29 + 14 + -4 + (16 + 0 + -6 - 13)?
-22
Calculate (31 - 19) + 2 + -12 + 0 + -137 + 141.
6
Evaluate (52 - (4 + 0)) + (9 - (-5 - -10)) + -6.
46
What is -6 - (13 + (-32 + 22 - -14))?
-23
What is the value of 3 + (-13 - (-13 + 0 - (20 + -28))) - -34?
29
(15 - -19) + (13 - ((-1 + 0 - -7) + 1))
40
What is the value of -14 + -65 + 205 + -115?
11
What is (-103 - -12) + 113 + 1 + -5 + 20?
38
4 - -1 - (59 - (33 - -47))
26
Evaluate 25 + -2 + (-70 + 29 - -26) + (16 - 1).
23
-71 + 97 + -44 - -19
1
14 - (29 - -2) - (-9 - -13 - -11)
-32
Evaluate -3 - (11 - (-3 - -6)) - (-96 + 46).
39
0 + -3 + (4 - 4) - -1 - (-5678 + 5558)
118
What is (3 - (6 + -5)) + (-78 - -7) + -41?
-110
What is the value of -37 + 1 + (22 - 33 - -21) + -1 + -3?
-30
What is the value of -13 - ((-52 - -6) + -18)?
51
What is the value of (79 + -3 - (65 - 44)) + 45?
100
Evaluate -1 - (-14 + 1) - (-1 - -95 - (-24 - -36)).
-70
What is the value of 17 - ((1 + 20 - 12 - 9) + (0 - 0))?
17
What is 16 + -8 + 4 + (100 - (149 - 9))?
-28
10 + 37 + 29 + -26 + (12 - 1)
61
What is the value of 11 - (-276 + 248 - (-1 - -4 - (-10 + 9)))?
43
What is 24 + -9 - 5 - (396 - 433)?
47
What is the value of 2 - 44 - -2 - (-59 + 90 - 37)?
-34
(2 + -6 - (-59 + 30 + 39)) + 5 + 74
65
Evaluate 13 + (-1 - -5) + -15 + -4.
-2
Evaluate -14 + -4 + (30 - 27) + 43.
28
What is the value of (-2 - (-3 - (18 + (-15 - -10 - 3)))) + 24?
35
Calculate 79 - (61 - -57) - (-1 - -28).
-66
Evaluate (13 - 55) + -445 + 382.
-105
Calculate 56 - (-33 + 118) - 0.
-29
What is (19 - -21) + 7 + -13?
34
What is the value of -1 - -42 - (1432 - 1394)?
3
Calculate 84 + -56 - ((0 - -11) + 25).
-8
What is -12 + (12 - 21) + -4?
-25
What is (10 - (95 - 44)) + 92?
51
Calculate ((4 - 17) + (1 - -1) - (-480 - -459)) + 67.
77
Calculate -85 + (-5 - (9 + -38) - (58 + -39)).
-80
Calculate -181 + 181 - (13 - 17 - 64).
68
What is the value of (9 + -12 - 27) + -9 + -8 + 10?
-37
Calculate 21 + -10 + (-4 - 0 - -13) + (-77 - -8).
-49
Evaluate -41 + 3 + 102 + -88.
-24
Evaluate -139 + 35 + 3 + (-11 - -17).
-95
What is 77 + (23 - 2) - 92?
6
Calculate -10 + -1 + (-8 - (-125 + 10)) - (0 + 7).
89
Calculate (4 + 22 - 20) + 6 - 16.
-4
What is the value of -35 - (-64 + -62 + 42)?
49
What is 16422 + -16399 - (-30 - (2 + 0))?
55
Calculate 24 + (1 + 16 - (-14 + 90)).
-35
What is the value of 64 + -122 + (29 - -66)?
37
Calculate (24 + 1 - (9 + 22 + -18) - 9) + 10.
13
What is the value of -75 + 26 - (42 + -125)?
34
Evaluate (6 + -4 - -8 - (370 - 365)) + (0 - -74).
79
Calculate (4 - -22) + -21 + 18 + 11.
34
What is -18 - (1 + 16 + -10) - -81?
56
What is the value of (261 - 297) + 7 + 71?
42
Calculate (173 - 79) + -2 - 51.
41
21 + 0 + -34 - (10 - (-6 + (-7 - -7)))
-29
Evaluate -1 + (-16 - (13 + 6 + -39)) + -109.
-106
What is -2 + 18 + -26 - (20 - (-6 + 10 + 2))?
-24
11 + -1 - (-92 - (-35 - -47)) - 3
111
Calculate -55 + 140 + -12 + -66.
7
Calculate 53 + -66 + 9 + (14 - 13) + -44.
-47
What is -20 + (37 + -32 - -29)?
14
What is the value of (39 + 73 - (-4 - 20) - 5) + 11?
142
What is the value of (4 - -59) + -4 + (1 - -12 - 12)?
60
What is (7 - 3 - 0) + -7 + 1169 + -1110?
56
Calculate -2545 - -2515 - (-1 - 10).
-19
Evaluate 2 - (-43 - (11 - 57)).
-1
Evaluate (-89 + 4 - -45) + 22.
-18
What is 33 - (67 - -3 - (6 - -15))?
-16
Calculate -44 + 1 - (-191 + 206 + (-11 - -1)).
-48
34 + 395 + -395 + (1 - 18) - -19
36
What is the value of -5 + -16 + 47 - 11 - (-17 + 3)?
29
What is the value of -1 + -2 + 13 - -32?
42
Calculate (-38 - -115 - 95) + 1 + -25.
-42
What is -157 + 85 + 91 + 119?
138
What is the value of 4 + (-9 - -1) - -8 - (10 + -25)?
19
Calculate 433 + -482 - (14 - 144).
81
13 - (23 - (2 - (9 - (11 + 3) - -1)))
-4
What is (14 - ((-20 - -13) + 16)) + -1 + 14 + 9?
27
What is 1718 + -1781 - (-31 + -1) - (-2 + 13)?
-42
4 - -136 - 110 - (-64 - 2)
96
Calculate -3 - -99 - (-216 + 450).
-138
Evaluate 19 + ((-107 - -103) + -7 + -1 - -20).
27
-89 - (33 + (19 - (-31 + 42)))
-130
Evaluate (-5 - (16 - -16)) + 16 - 32.
-53
What is -15 + -11 + (29 - 4) + -31?
-32
Evaluate (2 - 25) + -38 + 89 + 17.
45
What is -2 + 69 - (193 + -166)?
40
Evaluate -148 + 297 + (-80 - 1).
68
What is the value of (-1 + -35 - (-3156 - -3104)) + (-1 - 1) + 0?
14
What is the value of -19 + 1 + 3 + 103 + -4 + -18?
66
What is the value of 20 - 45 - -81 - 68?
-12
58 + -93 + 67 - 119
-87
Calculate -38 + -14 + 29 - 1 - (2 + 4).
-30
What is the value of (-1 - 19) + -38 + 50 + -26?
-34
7 + (-43 - -39 - 20)
-17
What is (4 + -85 - (9 - 5)) + -1 + 11 - -11?
-64
What is the value of 9 + (-196 - -218) + -12 + -2?
17
What is 7 - ((18 - 33 - -21) + -1 + -1)?
3
What is -11 + 7 + 3 - (-1 - (0 - 26))?
-26
Calculate 18 + (1 - -71 - 120).
-30
Calculate -3 + (74 - (18 - (2 - (-18 + -15)))).
88
Evaluate 22 - -16 - 33 - (-6 + 0 + 0 - -12).
-1
What is 41 + -18 + 0 + (-165 - -168)?
26
What is the value of (-164 - -45) + (14 - (22 - 5)) + 12?
-110
-201 - -221 - (8 + -1) - (31 - 1)
-17
Calculate 5 + (28 - (101 + 39)) - (0 - 3).
-104
What is the value of (-48 + (72 - 38) - 33) + (-2 - 8)?
-57
What is the value of -115 + (46 - -56) - 89?
-102
-2 + -39 + (12 - (-1 + -8))
-20
-15 + -1 - 2 - (52 - 5)
-65
46 + (11 - (-43 - -39))
61
84 - (-47 - -96 - 46)
81
(53 - 40) + (-1 - -53) - -6
71
52 + -87 + 50 - 16
-1
What is -26 + (26 - -15) + -2 + (3 - -11)?
27
(-9 + (-12 - (-11 + 15)) - -9) + 7 + 58
49
What is the value of -1373 - -1349 - (-2 + -38)?
16
Calculate (1 - 43 - (-136 + 145)) + (10 - -6).
-35
-8 + (37 - 52) + (-1 - -7)
-17
What is -19 + -38 - (76 - 145)?
12
Calculate (3801 - 3823) + -4 + -1.
-27
-7 - -87 - (-15 + 19 + 10)
66
Calculate -4 + (84 - 90) + -44.
-54
Evaluate -13 - (-22 - 13) - -13 - -24.
59
What is -1 + -41 - (-1334 - -1306) - -55?
41
(-8 + -4 - 0) + -15 + 79
52
Evaluate 125 - (-106 + (-12 - -200)).
43
Calculate -1 - (7 - (39 + (-7 - 5))).
19
(-3 - (-25 - (-13 - (-11 - -9)))) + -13
-2
Evaluate 0 + -1 + (16 + 5 - 13).
7
What is 10 + -1 + -16 + (49 - 53)?
-11
Calculate -3 - (-87 + -1 + -5).
90
What is the value of 58 - (-54 + (90 - -33)) - (0 + 10)?
-21
What is 10 + -11 + 13 + 4 + 7?
23
-34 - (-4 - -1) - ((7 - 6) + 4 + -4)
-32
Calculate 10 - (-96 - (22 - 9)) - (-3 - (-5 - 7)).
110
Calculate 9 + 2 - (9 + 1 + 2) - -6.
5
What is -249 + 309 + (1 - 87)?
-26
Calculate 18 + -14 - (6 - (65 + 9 + 6 + -16)).
62
What is the value of (8 - 0 - 97) + (628 - 650)?
-111
Evaluate -120 - ((112 - 124) + (-9 - 2)).
-97
Calculate 20 + (-127 - -12) + -35 + 55.
-75
Evaluate -16 + 28 + 13 + (-8 - -29).
46
Evaluate 35 + 3 + -10 - (63 - 42).
7
What is the value of 3 + ((-7 - (9 - 21)) + (-3 - 0) - -5)?
10
Calculate 4 + 25 + (310 - 329).
10
-15 - (-72 + 33) - -42
66
What is -11 + (-14 + 17 - -27) + (-82 - 2)?
-65
What is the value of -13 - ((-4 - 8) + 3) - -33?
29
Calculate (5 - (-2 + 3)) + (-76 - -22 - -44).
-6
47 - (3020 + -2876 + -31 + -1)
-65
Calculate 68 - (22 + -8 - -13) - 20.
21
What is 52 - (63 + (-13 - 9))?
11
Calculate 2 + (-6 - -13) + (1 - (8 + -11)).
13
What is 2 + -5 + 45 + -9 + 17?
50
Evaluate -3 - -2 - (-1 + (15 - -2) - (2541 + -2529)).
-5
Evaluate -75 + 6 - (-376 + 355).
-48
Evaluate -834 + 827 + -6 + (-3 + -108 - -4).
-120
What is the value of 60 - (63 - (-42 + 88))?
43
What is the value of -58 - (45 + (-161 - -100))?
-42
-47 + 0 + (-74 - -120)